umber?
True
Is 3456197 a prime number?
True
Is 10918631 composite?
False
Is 2336297 a prime number?
False
Is 41556199 composite?
True
Is 2977255 prime?
False
Is 1608979 composite?
False
Is 20101 a prime number?
True
Is 916259 prime?
True
Is 383672357 composite?
False
Is 392403139 a prime number?
True
Is 5032189 composite?
False
Is 731743 composite?
True
Is 77316823 prime?
False
Is 10392833 prime?
False
Is 117935743 composite?
True
Is 118750747 prime?
True
Is 8641807 composite?
False
Is 148143169 composite?
True
Is 12361877 a prime number?
False
Is 21688921 a composite number?
False
Is 13172374 composite?
True
Is 10760989 prime?
True
Is 20845189 composite?
False
Is 1084927 a composite number?
False
Is 7185274 composite?
True
Is 167861 composite?
False
Is 833491689 a composite number?
True
Is 120483737 prime?
False
Is 16639211 a composite number?
True
Is 3121409 a prime number?
True
Is 1896351 a prime number?
False
Is 28510259 a prime number?
False
Is 27523481 prime?
False
Is 19817845 prime?
False
Is 5567461 composite?
False
Is 71561741 a composite number?
False
Is 647189 a prime number?
True
Is 2568673 prime?
True
Is 1155403 composite?
False
Is 748567 composite?
False
Is 8331749 prime?
True
Is 114484121 a composite number?
False
Is 14595041 composite?
True
Is 4031579 a prime number?
True
Is 11043593 composite?
True
Is 17680513 a composite number?
False
Is 4263079 a prime number?
True
Is 58147377 composite?
True
Is 3750743 a prime number?
False
Is 44182639 prime?
True
Is 18903409 a prime number?
False
Is 13585361 a prime number?
False
Is 1283053883 a composite number?
False
Is 16036094 prime?
False
Is 4214479 a composite number?
False
Is 29789 composite?
False
Is 167878105 a composite number?
True
Is 1052299 a prime number?
True
Is 4775597 prime?
False
Is 19309061 composite?
False
Is 234543061 a prime number?
True
Is 9160402 a composite number?
True
Is 16781717 a prime number?
False
Is 7394089 a composite number?
True
Is 12821047 a prime number?
True
Is 12045023 composite?
False
Is 68751877 a composite number?
True
Is 4891399 composite?
False
Is 30302693 composite?
True
Is 7851905 a prime number?
False
Is 3018091 a composite number?
False
Is 41060741 prime?
True
Is 566479 composite?
True
Is 132312163 composite?
False
Is 47520815 a prime number?
False
Is 19595819 prime?
True
Is 333761863 composite?
True
Is 1061453 a composite number?
False
Is 35073749 prime?
True
Is 29680763 a composite number?
True
Is 289907771 a composite number?
True
Is 8092243 a composite number?
False
Is 2838359 a prime number?
True
Is 1937834 a prime number?
False
Is 18472973 composite?
True
Is 76504093 prime?
False
Is 2219023 a prime number?
True
Is 28039853 prime?
True
Is 45494117 a prime number?
True
Is 3586247 composite?
True
Is 113777293 composite?
True
Is 25497215 a composite number?
True
Is 160520833 a composite number?
True
Is 13526117 composite?
True
Is 360319 a prime number?
False
Is 53570149 a composite number?
True
Is 25541993 a composite number?
True
Is 4084071 a prime number?
False
Is 29387755 prime?
False
Is 3648643 prime?
True
Is 2006401 prime?
False
Is 15307639 prime?
True
Is 207740405 a composite number?
True
Is 51061799 prime?
True
Is 12247051 prime?
True
Is 13385027 prime?
True
Is 3283915 composite?
True
Is 2701297 a composite number?
False
Is 516613837 a composite number?
True
Is 6687215 a composite number?
True
Is 5209657 prime?
True
Is 7961419 composite?
True
Is 4080421 a prime number?
False
Is 8516609 a prime number?
False
Is 6983167 a prime number?
False
Is 63428933 composite?
True
Is 209960171 a prime number?
True
Is 281717 a composite number?
False
Is 47351309 a composite number?
True
Is 102358283 prime?
True
Is 1601581 a prime number?
False
Is 2664247 composite?
False
Is 231302249 prime?
False
Is 6731789 composite?
True
Is 7862057 prime?
False
Is 69147059 composite?
False
Is 13982231 prime?
True
Is 60710027 composite?
True
Is 36187193 a prime number?
False
Is 80118853 a prime number?
True
Is 8938553 prime?
False
Is 1723763 a composite number?
True
Is 1321451 a composite number?
False
Is 123724907 a prime number?
True
Is 60197311 a prime number?
False
Is 17164909 a composite number?
False
Is 3539569 prime?
False
Is 532611973 a composite number?
True
Is 3045421 a prime number?
True
Is 4134299 prime?
False
Is 1659313 a prime number?
False
Is 414013 composite?
False
Is 20798003 a prime number?
False
Is 1548023 a composite number?
True
Is 157140397 a composite number?
False
Is 8295787 a composite number?
False
Is 44301577 prime?
True
Is 1545701 a prime number?
True
Is 226361047 prime?
False
Is 1368113 a prime number?
False
Is 2630143 composite?
False
Is 852129173 a composite number?
True
Is 3741079 a prime number?
False
Is 5321467 a prime number?
True
Is 42325655 a composite number?
True
Is 385074479 a composite number?
False
Is 14292133 composite?
False
Is 1769743 a composite number?
True
Is 491325909 a composite number?
True
Is 4797677 a composite number?
False
Is 32762369 prime?
False
Is 2791079 a prime number?
False
Is 292573 prime?
True
Is 18978731 a composite number?
True
Is 8249207 composite?
False
Is 15487387 a composite number?
True
Is 39391109 composite?
True
Is 170613067 a prime number?
True
Is 66702485 prime?
False
Is 1358737 prime?
False
Is 1786859 a composite number?
True
Is 5360059 a prime number?
False
Is 21579149 a prime number?
False
Is 1449859 composite?
True
Is 209004293 prime?
False
Is 141702721 a prime number?
True
Is 27635729 a prime number?
False
Is 8025959 composite?
True
Is 515862031 composite?
False
Is 4822438 composite?
True
Is 4799021 a prime number?
True
Is 3772891 composite?
True
Is 26545685 prime?
False
Is 645757 a composite number?
True
Is 12800929 prime?
True
Is 72450061 prime?
False
Is 113642689 a composite number?
False
Is 6995771 prime?
False
Is 4726619 a composite number?
False
Is 15139739 a composite number?
True
Is 507299711 a composite number?
True
Is 3032801 composite?
False
Is 16889801 prime?
False
Is 2046067 a prime number?
False
Is 54331253 composite?
True
Is 128813 prime?
True
Is 49126811 prime?
True
Is 66388351 prime?
True
Is 303496991 a composite number?
True
Is 735307 composite?
False
Is 2852939 composite?
False
Is 2834387 prime?
False
Is 77462569 a composite number?
False
Is 37078681 a prime number?
True
Is 66717821 a composite number?
True
Is 1817509 a composite number?
True
Is 6854455 composite?
True
Is 3398579 composite?
True
Is 408237773 composite?
False
Is 1811566 a prime number?
False
Is 388842001 composite?
False
Is 490913569 composite?
True
Is 73531982 a prime number?
False
Is 121519813 prime?
True
Is 194603 a prime number?
False
Is 244676137 composite?
True
Is 78031243 a composite number?
False
Is 20173211 a composite number?
True
Is 9904877 composite?
True
Is 454537667 composite?
False
Is 985579 a composite number?
True
Is 382331 a composite number?
False
Is 2818715 prime?
False
Is 4934287 a composite number?
True
Is 4343119 composite?
True
Is 257005981 composite?
True
Is 4696891 composite?
True
Is 11916134 prime?
False
Is 10944501 prime?
False
Is 53316631 composite?
False
Is 12355762 prime?
False
Is 844957 composite?
False
Is 49111 a prime number?
False
Is 10478177 composite?
True
Is 1450429 a prime number?
True
Is 3893239 composite?
True
Is 591823 composite?
True
Is 1423361 a composite number?
False
Is 43020347 composite?
True
Is 303262 composite?
True
Is 580031 a composite number?
False
Is 74208919 composite?
True
Is 1358703877 a composite number?
False
Is 425247629 composite?
False
Is 63393337 composite?
True
Is 30112499 a prime number?
True
Is 189316303 prime?
False
Is 5022637 composite?
False
Is 2050163 a prime number?
True
Is 1039891 composite?
False
Is 174443 a composite number?
False
Is 119381333 a composite number?
True
Is 97821097 composite?
True
Is 394529 prime?
True
Is 180596879 prime?
True
Is 240361 prime?
False
Is 11285243 composite?
False
Is 362515061 prime?
True
Is 7419067 prime?
True
Is 182153579 composite?
False
Is 2128946621 a composite number?
False
Is 18143567 a composite number?
True
Is 65051201 a composite number?
False
Is 101345353 a prime number?
True
Is 571074643 prime?
True
Is 1013323 a prime number?
False
Is 6109399 a prime number?
True
Is 6814091 a prime num